of (1 - -1) + (0 - -2) + -1?
3
11 + 12 + -22 - (-7 + 1)
7
What is the value of (7 - -1) + -4 + -2 - 6?
-4
Evaluate -6 + (2 - -2 - 1) + -1.
-4
What is the value of -155 + 148 - (-11 + 1)?
3
What is the value of (7 - 2 - 9) + 0 + 1?
-3
What is 6 - (-10 + 14 + -1)?
3
Calculate 6 - (-2 - (-3 - 1) - 1).
5
(5 - 5 - 1) + 5 + 0
4
Calculate 5 + -13 - (-2 - 2).
-4
What is -10 - (5 + -32) - 10?
7
What is the value of -9 - (-1 + -10 + (-60 - -66))?
-4
What is the value of (5 - (-2 + (2 - -4))) + -5?
-4
What is the value of (-2 - 1) + (-7 - (-15 + 6))?
-1
What is (-7 - -1) + 6 + 3 + -2?
1
Evaluate 3 + -7 + 1 + 2 + -3.
-4
Evaluate -19 + 20 - (1 + 0) - 3.
-3
What is -5 + 0 + (-8 - (-16 + 4))?
-1
What is (3 - 1) + 1 + -2?
1
What is the value of (0 - 6) + 1 + 4?
-1
Evaluate (8 - 3 - 2) + 1.
4
Calculate (4 + -7 - -8) + (-1 - 0).
4
(-5 - 1) + (5 - (-5 + 7))
-3
Evaluate 0 - 0 - (-2 - (-3 - 2)).
-3
Evaluate (-8 - (-2 - 2)) + 9.
5
What is (-1 - -4) + -2 + 3?
4
What is 0 - 4 - (-1 + 3 - 1)?
-5
Evaluate -1 + -1 - (-8 - -2).
4
Evaluate 4 - 0 - (2 + -1) - 3.
0
What is -10 + 8 - (-6 + 9)?
-5
What is 0 - ((3 - -4 - 3) + -3)?
-1
What is -3 - (5 - -1 - 4)?
-5
Calculate 4 + -3 + 0 + -38 + 42.
5
What is (-7 - -2) + 4 + 4?
3
-10 - -7 - (0 + -1 - 2)
0
What is 8 - (3 - (-9 - -8))?
4
Calculate -1 + 3 - (-2 + -7 + 8).
3
What is (0 - (0 - -2)) + 3?
1
What is the value of 0 + -4 + -14 + 14?
-4
Calculate (-162 - -157) + (9 - (-2 - -1)).
5
What is -6 + (3 + -6 + 2 - -14)?
7
What is -1 + (-1 - 3) + (-52 - -54)?
-3
Evaluate 1 + -7 + 0 + -4 + 6.
-4
(-9 - -5) + -1 + 3
-2
What is 9 + 6 + -7 - 11?
-3
Evaluate 2 + 1 + (2 - 2) - 0.
3
(1 - (0 + -7)) + -9 - -11
10
3 - (1 + -5 + 3)
4
1 - 2 - (3 + -7 + 5)
-2
Calculate 0 + 0 + -3 + 3.
0
Calculate (44 - 44) + 1 + 1 + -6.
-4
What is (-6 - (0 - 0)) + -1 + 5?
-2
4 - ((4 + -7 - -3) + 4)
0
1 + (-9 - -8) + 9
9
Calculate 1 + -1 - (-4 - (-6 - -6)).
4
-3 - (2 + -1 + 4 + -7)
-1
What is 9 + 1 + (10 - 2 - 11)?
7
What is 1 + 2 + -5 + 4 + 1?
3
What is the value of 16 - 12 - ((-2 - -11) + -2)?
-3
What is the value of (1 - 1) + -1 + 0 + -2?
-3
(1 - (2 - 2)) + 0
1
Evaluate 0 + (1 - 3) + -4.
-6
Evaluate (-5 - (-16 + 7)) + 0.
4
Evaluate -8 + (8 - (8 + -6)).
-2
Evaluate (0 - -8 - 3) + 2 + -13.
-6
What is the value of -6 + -2 - (-18 - (9 + -22))?
-3
What is -1 + 4 - 2 - (-1 - 1)?
3
What is the value of 18 + (-7 - 5) + -6?
0
What is the value of (1 - 2) + (3 - (-3 - -6))?
-1
What is the value of -80 + 71 + -1 + 5?
-5
Calculate -13 + 14 + -11 - -7.
-3
3 - ((1 - 3) + 0 + 9)
-4
2 + (-6 + 4 - 4)
-4
What is (-1 - -2 - -6) + -3 + 0?
4
What is -1 - ((-2 - -6) + -10 - -8)?
-3
What is the value of (130 - 114) + (0 + 1 - 8)?
9
Calculate 2 - (-1 + -8 - -5 - -5).
1
Calculate 0 - (2 + 4 + -1).
-5
What is the value of 3 + -6 + 2 - 2?
-3
-13 + 5 + -38 + 47
1
What is the value of 4 + 7 + -3 + -3?
5
Calculate (4 - 1) + -47 + 41.
-3
Calculate -1 - (1 + -1) - (2 + -1).
-2
What is (7 - 7) + -3 + 2?
-1
What is the value of -6 + 2 + 2 + -2?
-4
Calculate (3 - 5) + 1 + 2.
1
What is (16 - -13) + -23 - (0 - 1)?
7
Evaluate 4 - (-6 - (-1 + -8)).
1
What is -2 - (-8 - (-2 - (-1 - -3)))?
2
-10 + 10 - (-4 - -1)
3
Calculate (-14 - -14) + (-2 - -5) + 2.
5
10 + 4 + (-3 + -1 - 6)
4
What is (28 - 24 - (-3 + 10)) + 7?
4
-1 + -5 + 2 + (-30 - -30)
-4
3 + 4 + 2 + -6
3
What is -3 + -2 + -6 + 9?
-2
What is the value of (13 - 13 - 3) + (-3 - -1)?
-5
Calculate -3 + (5 - -1 - 5 - -2).
0
What is (4 - (0 - -8)) + 2?
-2
What is the value of -15 - -19 - (0 + 4 + -6)?
6
What is (-5 - (-1 - 10 - 1)) + 0?
7
Evaluate -1 + (-1 - (-5 - (-2 - 0))).
1
What is -1 - (2 + (0 - -3) + -4)?
-2
Calculate 21 - 16 - (0 - 0).
5
-2 + (9 - (-2 - -7))
2
What is the value of -1 - 1 - (-9 - -10)?
-3
Evaluate 2 + 2 + (4 - 1 - 2).
5
Calculate (3 + 1 - 7) + 2 - -2.
1
Calculate -14 + 4 + -8 + (7 - 0).
-11
What is the value of (-21 - -16) + (-2 + 1 - -6)?
0
What is (-1 - -3) + -4 + 3 + 2?
3
2 + (29 - 24) + -8 + 1
0
What is the value of (-3 - 1) + (12 - 5)?
3
Calculate -4 - (13 - 2) - -9.
-6
What is -2 + (-1 - (-10 - 2)) + -5?
4
Evaluate (20 - 24) + (0 - -3).
-1
Evaluate (7 - -3) + 2 + -15.
-3
Calculate 8 + 1 + -3 + -1.
5
-35 + 25 - (-5 + -1)
-4
What is the value of 7 + ((2 - 7) + -2 - 1)?
-1
Calculate (-15 + 9 - 1) + 9.
2
2 + 1 + 8 + -12 + 8
7
Calculate 6 + (-6 - (-6 + (5 - 6))).
7
Calculate 5 + -6 - (-1 + 2).
-2
Evaluate (-4 - -1) + (17 + -10 - 4).
0
5 + (-9 - -1) - -6
3
Calculate -1 - 4 - (-4 + 1).
-2
Evaluate 7 - ((-5 - (-14 - -6)) + 2).
2
What is (-1 - -7) + (124 - 124)?
6
(0 + 5 - 5) + -5
-5
Evaluate 19 + (26 - 50) - (-1 + -8).
4
What is the value of (-35 - -27) + -1 + 6 + -1?
-4
-2 + (2 + 0 - -5) + -3
2
What is -3 - (-4 - ((3 - 1) + -6))?
-3
What is the value of (10 - 21) + 5 + 10?
4
What is 9 - ((-10 - -3) + 11)?
5
What is -4 - (-3 - (1 + -1))?
-1
What is -2 + -4 + -1 + 3 + 0?
-4
Calculate 1 + 4 + (0 - 2).
3
11 - (8 - (9 - 9))
3
Evaluate 9 + (-9 - (-1 + -2)).
3
What is -1 + -6 + 13 - -1?
7
(-2 - -1) + -5 + 1
-5
Evaluate 3 - (18 - 6 - 14).
5
Evaluate (18 - 18 - (2 - -2)) + -2.
-6
What is (0 - -2 - 3) + (6 - -2)?
7
-3 + -3 + (1 + 3 - -3)
1
What is the value of 1 - (-5 - (3 - 1) - -4)?
4
What is 5 + (4 - 3) + -1?
5
Evaluate 4 - (0 + 4 + 0).
0
3 + 1 - (16 + -8 + -11)
7
Calculate -3 - (-1 + (-8 - -4)).
2
What is -1 + -4 + 0 - (371 + -374)?
-2
Evaluate 1 - -1 - 0 - (81 + -79).
0
Evaluate (6 + -26 - -4) + 1 + 7.
-8
Calculate 6 + (-4 - -4) - (4 - 0).
2
(-33 - -30) + (0 - (1 + -2))
-2
Calculate -3 + 12 + 0 - 5.
4
What is (82 - 83) + (-1 + 1 - 7)?
-8
What is the value of -1 - (-5 + (5 - 4)) - 3?
0
Calculate 6 + (3 - 4 - 5).
0
-8 - (-17 + 21 + -6 + 0)
-6
Calculate (0 - 0) + -50 + 47.
-3
Calculate -6 - ((8 - 8) + -11) - 8.
-3
What is the value of 0 - ((-12 - -4) + 2)?
6
What is 12 - (19 + -20 + 9)?
4
Evaluate (14 - 4) + 1 + -10.
1
Evaluate 8 + -1 + 7 + -9.
5
Calculate -14 + 14 + -7 + 13.
6
3 + (4 - 5) + 5 + -5
2
Calculate (5 - (0 - -1)) + -3 - 4.
-3
Evaluate -2 - (-1 + 4 + -3).
-2
What is the value of -4 + 10 + (2 - 4) + 0?
4
5 - ((-3 - (4 + -4)) + 4)
4
What is the value of (3 - -1 - (-4 - -5)) + -8?
-5
Evaluate (-7 - (4 + (-2 - 1))) + -2.
-10
What is -4 + 6 + 6 + -9 + 3?
2
Calculate 1 + 4 + 12 + (-12 - 2).
3
-2 + 9 + 89 + -97
-1
12 + (1 - (11 + -7) - 2)
7
19 + -19 + (-4 - 1) - -2
-3
What is the value of 3 - ((-2 - -1) + -4 + 1)?
7
-4 - (-7 - (3 + -1))
5
Calculate 2 - (-10 + 2 - -4).
6
Calculate -2 + (0 - 11) + 20 + -13.
-6
What is -3 - -3 - (2 + -3 + 2)?
-1
What is the value of (-1 + 4 - (5 - 7)) + 5?
10
What is the value of 4 - ((1 + -1 - 2) + 1)?
5
What is 3 + -4 + 3 - (-13 - -10)?
5
What is -8 - (-14 + -1) - (1 + 0)?
6
1 + (8 - 4 - 0 - 7)
-2
What is the value of 3 + (0 + 6 + 1 - 11)?
-1
-1 - -4 - (-1 + -10 + 9)
5
10 + -2 + -10 - -5
3
What is the value of -90 - -83 - (0 - 6)?
-1
1 + -2 + 1 + -1
-1
Evaluate (-5 - (-6 + 2)) + 9.
8
Calculate (-23 - -21) + (-2 - 0).
-4
What is 7 + (3 - (1 - -4)) + -6?
-1
What is -2 + -2 + 2 + (-3 - -5)?
0
Calculate -1 - -12 - 16 - -2.
-3
Calculate 2 - (1 + (6 + -10 - -4)).
1
What is -5 + (2 - -5) + -8?
-6
Calculate 9 + (-10 - 1) + (1 - 1).
-2
What is -1 - 0 - (0 + -3 + 3)?
-1
What is -58 + 54 - (0 - 8)?
4
Calculate (3 - 1) + -2 - (6 + -3).
-3
What is -7 - (9 + -2 - 0 - 10)?
-4
Evaluate -4 + 3 + -3 - (-1 + -2).
-1
2 - (2 - 4) - 3
1
Evaluate -4 - 0 - (0 + -4 + 1).
-1
What is the value of (-1 - (-8 - 0)) + (-1 - 2)?
4
What is 7 + 5 + -9 + -3 - -1?
1
Calculate -7 + -4 + 8 + -1.
-4
What is 10 + -6 + (-3 - 3)?
-2
Calculate (-4 - 0) + 12 - (1 + 3).
4
What is 0 + 2 + 3 - 10?
-5
Evaluate 3 - -1 - (4 + -2).
2
Calculate 49 - 42 - (0 + 8).
-1
Evaluate (-8 - -7) + (7 - (5 + -5)).
6
Evaluate (-20 - -24) + (-1 - -1).
4
What is (0 - (-6 + 1)) + (2 - 2)?
5
What is 5 + -2 - (18 - 21)?
6
Evaluate 3 - 3 - 2 - 0.
-2
-6 - (0 - 3 - (-8 - -8))
-3
Calculate 0 + 7 - ((0 - 2) + 5).
4
What is -5 - 0 - 3 - -5?
-3
What is the value of (2 - 6) + 2 + 18 + -15?
1
-4 - ((-5 - -4) + (-6 - -3))
0
What is the value of (-3 - -10) + 1 + (-3 - 0)?
5
Evaluate -8 - (-15 + (2 - 3 - -7)).
1
Evaluate 2 + 5 + -6 + -6.
-5
4 - 14 - (-3 - 3)
-4
What is the value of -6 - (2 - (1 - -2))?
-5
Calculate -2 - ((7 - 1) + -4).
-4
Evaluate 2 + (-2 - -3) - 0.
3
Calculate 6 + (-2 - (4 - 1)).
1
Evaluate 4 + (-8 - (-1 - (-2 + 2))).
-3
(3 - 11) + 6 - -2
0
What is -2 + 3 - (1